ple of 87?
True
Is 13 a factor of 598?
True
Is 20 a factor of 673?
False
Does 65 divide 1890?
False
Is 12190 a multiple of 11?
False
Is 4896 a multiple of 68?
True
Is 22 a factor of 2191?
False
Is 2392 a multiple of 92?
True
Is 570 a multiple of 5?
True
Does 383 divide 59265?
False
Does 17 divide 17374?
True
Is 1360 a multiple of 33?
False
Is 8 a factor of 595?
False
Is 51 a factor of 181?
False
Does 28 divide 15370?
False
Does 4 divide 372?
True
Is 24 a multiple of 3?
True
Does 178 divide 32930?
True
Is 10 a factor of 24390?
True
Does 43 divide 14077?
False
Is 19 a factor of 2356?
True
Does 57 divide 2793?
True
Is 362 even?
True
Is 6108 a multiple of 11?
False
Is 72 a factor of 5400?
True
Does 43 divide 172?
True
Is 13120 a multiple of 16?
True
Is 1793 a multiple of 34?
False
Does 37 divide 370?
True
Does 22 divide 286?
True
Does 4 divide 11840?
True
Does 35 divide 5766?
False
Is 805 a multiple of 7?
True
Is 10081 a multiple of 13?
False
Is 15 a factor of 45525?
True
Does 21 divide 7539?
True
Does 5 divide 16660?
True
Is 97 a factor of 2619?
True
Is 6 a factor of 4784?
False
Does 23 divide 759?
True
Is 32 a factor of 3817?
False
Does 29 divide 1948?
False
Does 7 divide 1993?
False
Is 547 a multiple of 9?
False
Does 43 divide 6514?
False
Does 31 divide 1709?
False
Is 11576 a multiple of 8?
True
Does 20 divide 1454?
False
Is 75 a factor of 646?
False
Does 8 divide 1642?
False
Is 3188 a multiple of 25?
False
Does 12 divide 716?
False
Is 43 a factor of 7869?
True
Is 13 a factor of 279?
False
Does 10 divide 1773?
False
Is 15268 a multiple of 22?
True
Is 6384 a multiple of 168?
True
Is 281 a multiple of 8?
False
Is 20 a factor of 620?
True
Does 320 divide 57050?
False
Does 10 divide 820?
True
Does 58 divide 11870?
False
Is 13 a factor of 825?
False
Is 9 a factor of 1413?
True
Is 8041 a multiple of 43?
True
Is 19 a factor of 23067?
False
Is 56 a multiple of 14?
True
Is 6399 a multiple of 9?
True
Is 1374 a multiple of 13?
False
Does 3 divide 137?
False
Does 144 divide 7776?
True
Is 34 a factor of 12036?
True
Is 16 a factor of 3664?
True
Is 34 a factor of 5304?
True
Is 8 a factor of 328?
True
Is 17 a factor of 3254?
False
Is 11016 a multiple of 84?
False
Does 47 divide 2209?
True
Is 8 a factor of 4599?
False
Is 271 a factor of 813?
True
Is 2665 a multiple of 5?
True
Does 89 divide 89?
True
Is 5050 a multiple of 110?
False
Is 2592 a multiple of 72?
True
Does 113 divide 28855?
False
Does 65 divide 41795?
True
Does 112 divide 7056?
True
Is 6017 a multiple of 7?
False
Is 216 a multiple of 9?
True
Is 36768 a multiple of 24?
True
Is 8 a factor of 72952?
True
Is 6175 a multiple of 5?
True
Is 3736 a multiple of 11?
False
Is 684 a multiple of 18?
True
Does 45 divide 12398?
False
Is 7027 a multiple of 8?
False
Is 82 a factor of 16400?
True
Is 25 a factor of 13647?
False
Is 114 a factor of 26206?
False
Does 18 divide 1782?
True
Does 7 divide 140?
True
Is 33456 a multiple of 24?
True
Is 24013 a multiple of 20?
False
Is 35 a factor of 3887?
False
Is 44 a factor of 4708?
True
Is 1007 a multiple of 41?
False
Does 142 divide 38475?
False
Does 29 divide 1558?
False
Is 63 a factor of 46048?
False
Does 42 divide 14157?
False
Is 36 a factor of 825?
False
Does 39 divide 234?
True
Is 27462 a multiple of 42?
False
Is 1120 a multiple of 70?
True
Is 783 a multiple of 27?
True
Is 16300 a multiple of 100?
True
Is 71 a factor of 149?
False
Does 2 divide 155?
False
Does 5 divide 329?
False
Is 181 a factor of 19253?
False
Is 18870 a multiple of 34?
True
Is 2027 a multiple of 46?
False
Is 1134 a multiple of 42?
True
Does 24 divide 600?
True
Is 24 a multiple of 9?
False
Does 3 divide 796?
False
Is 47915 a multiple of 16?
False
Is 75233 a multiple of 68?
False
Is 3675 a multiple of 35?
True
Is 9 even?
False
Is 709 a multiple of 2?
False
Is 387 a multiple of 12?
False
Is 70530 a multiple of 30?
True
Is 972 a multiple of 6?
True
Is 4339 a multiple of 57?
False
Does 63 divide 4095?
True
Is 3705 a multiple of 15?
True
Is 629 a multiple of 13?
False
Is 4 a factor of 1432?
True
Is 14 a factor of 843?
False
Does 9 divide 6003?
True
Does 34 divide 1224?
True
Is 747 a multiple of 65?
False
Does 13 divide 5746?
True
Does 18 divide 1242?
True
Is 300 a multiple of 12?
True
Does 178 divide 16900?
False
Is 50 a factor of 8300?
True
Is 639 a multiple of 21?
False
Is 16 a factor of 1604?
False
Is 259 a factor of 26936?
True
Is 16 a factor of 4496?
True
Does 72 divide 3456?
True
Is 6630 a multiple of 13?
True
Is 1702 a multiple of 15?
False
Is 7 a factor of 313?
False
Is 16211 a multiple of 13?
True
Is 13327 a multiple of 17?
False
Is 16 a factor of 176?
True
Does 32 divide 7604?
False
Does 23 divide 22770?
True
Does 4 divide 11?
False
Is 917 a multiple of 11?
False
Is 20 a factor of 12804?
False
Is 1231 a multiple of 11?
False
Is 3424 a multiple of 107?
True
Is 13032 a multiple of 18?
True
Is 3 a factor of 627?
True
Is 156 a factor of 2028?
True
Does 9 divide 216?
True
Is 2 a factor of 422?
True
Does 22 divide 470?
False
Is 103 a factor of 2945?
False
Is 21 a factor of 84?
True
Does 3 divide 53?
False
Is 8 a factor of 8608?
True
Is 5 a factor of 85?
True
Does 145 divide 14139?
False
Does 121 divide 26622?
False
Is 5 a factor of 3681?
False
Does 17 divide 3842?
True
Does 7 divide 2850?
False
Is 301 a multiple of 7?
True
Is 57 a factor of 351?
False
Is 1037 a multiple of 13?
False
Does 137 divide 8905?
True
Is 1295 a multiple of 27?
False
Is 85 a factor of 1700?
True
Is 49 a factor of 16807?
True
Does 154 divide 5698?
True
Is 7 a factor of 14031?
False
Is 85 a factor of 14110?
True
Is 15 a factor of 4125?
True
Does 43 divide 502?
False
Does 5 divide 5162?
False
Does 123 divide 17449?
False
Is 8165 a multiple of 62?
False
Does 39 divide 8694?
False
Is 22 a factor of 3476?
True
Is 98 a factor of 89707?
False
Is 61138 a multiple of 11?
True
Does 86 divide 24596?
True
Is 5 a factor of 261?
False
Is 2637 a multiple of 9?
True
Does 23 divide 966?
True
Is 257 a multiple of 18?
False
Does 12 divide 492?
True
Is 2573 even?
False
Is 32 a factor of 154815?
False
Is 12794 a multiple of 7?
False
Is 5805 a multiple of 27?
True
Does 37 divide 133089?
True
Does 47 divide 27546?
False
Does 12 divide 17196?
True
Is 7317 a multiple of 27?
True
Is 3569 a multiple of 12?
False
Is 59933 a multiple of 179?
False
Is 34 a factor of 1632?
True
Is 2904 a multiple of 3?
True
Is 5 a factor of 4574?
False
Is 31 a factor of 1302?
True
Is 10212 a multiple of 138?
True
Is 44 a factor of 25652?
True
Is 111 a multiple of 10?
False
Does 31 divide 26401?
False
Does 204 divide 30469?
False
Is 80212 a multiple of 27?
False
Is 60 a factor of 420?
True
Is 633 a multiple of 3?
True
Does 135 divide 6576?
False
Is 736 a multiple of 23?
True
Is 2 a factor of 44?
True
Is 4222 even?
True
Does 12 divide 204?
True
Does 11 divide 77?
True
Is 105 a factor of 2329?
False
Is 1180 a multiple of 67?
False
Does 8 divide 13856?
True
Is 16463 a multiple of 96?
False
Does 43 divide 688?
True
Is 55440 a multiple of 40?
True
Is 18372 a multiple of 12?
True
Is 9082 a multiple of 94?
False
Is 2 a factor of 393?
False
Is 2 a factor of 71?
False
Does 2 divide 34?
True
Is 18 a factor of 61512?
False
Is 3774 a multiple of 37?
True
Is 44 a factor of 132?
True
Does 8 divide 8?
True
Does 20 divide 520?
True
Is 14 a factor of 2016?
True
Does 12 divide 75?
False
Does 9 divide 13377?
False
Does 9 divide 16281?
True
Is 10 a factor of 760?
True
Is 64 a multiple of 22?
False
Is 3404 a multiple of 148?
True
Is 56 a factor of 2241?
False
Is 5 a factor of 2748?
False
Does 19 divide 274?
False
Is 4 a factor of 17028?
True
Is 19 a factor of 325?
False
Is 28 a factor of 608?
False
Is 8049 a multiple of 6?
False
Is 247 a multiple of 2?
False
Does 34 divide 1954?
False
Does 12 divide 30444?
True
Is 705 a multiple of 5?
True
Is 62 a factor of 527?
False
Does 42 divide 79674?
True
Is 12 a factor of 4099?
False
Is 47803 a multiple of 91?
False
Does 9 divide 2522?
False
Is 123892 a multiple of 13?
False
Does 8 divide 68420?
False
Is 47822 a multiple of 10?
False
Does 51 divide 685?
False
Is 35 a factor of 3325?
True
Does 4 divide 98?
False
Is 12 a factor of 860?
False
Is 28 a factor of 504?
True
Does 83 divide 166?
True
Is 28 a factor of 1668?
False
Is 111 a factor of 25641?
True
Is